What is the remainder when 13 is divided by j?
5
Let r(q) = q - 10. Let l be r(5). Let m = 2 + l. Calculate the remainder when 19/(-2)*6/m is divided by 10.
9
Let l = -336 + 344. Calculate the remainder when 135 is divided by l.
7
Let i be (-7)/28 + 69/(-12). What is the remainder when i/(-6)*(-1 + 44) is divided by 24?
19
Let k(h) = h**2 + 20*h + 64. What is the remainder when 108 is divided by k(-18)?
24
Suppose 0 = -2*i + b + 25, 4*i - b = 4*b + 47. Suppose 0 = m - u - 2 - i, 0 = -3*m + 4*u + 40. What is the remainder when m is divided by 1*(-7)/(-2)*2?
6
Let v = -110 - -113. Suppose -5*p + 192 = -v*p. Calculate the remainder when p is divided by 20.
16
Let a = 130 - 80. Let i(s) = s**3 + 2*s**2 + 8*s - 16. Calculate the remainder when i(5) is divided by a.
49
Suppose -111*c + 6710 = -28*c + 2477. What is the remainder when c is divided by (-37)/(-3) - (-2)/3?
12
Let y(h) = 3*h**2 + 12*h + 42. Calculate the remainder when 96 is divided by y(-3).
30
Suppose 0 = -4*u - w + 115, -4*u + 66 = -3*w - 69. Suppose -3*c - u + 156 = 0. Calculate the remainder when 82 is divided by c.
40
Let c(a) be the first derivative of -a**2/2 + 12*a - 6. Let s be (-10)/30 - 84/(-9). Calculate the remainder when 17 is divided by c(s).
2
Suppose -o = -14*o + 949. What is the remainder when 288 is divided by o?
69
Let v = -6 + -1. Calculate the remainder when -17*12/14*v is divided by 15.
12
What is the remainder when 51/(-68)*2*(-100)/6 is divided by 37/5 - (-4)/(-10)?
4
What is the remainder when 231 is divided by ((-105)/(-63))/((-15)/(-909))?
29
Suppose 4*s - 3*y = -4 + 22, 0 = -s - 3*y + 12. What is the remainder when 70/(-2)*s*4/(-40) is divided by 6?
3
What is the remainder when (-34 - -6)*(-22)/8 is divided by 40?
37
Suppose -3*x + 10 = -5. Suppose -x = -q - 3*j + 5, 5*j = -2*q + 17. Let c = 4 + q. Calculate the remainder when 12 is divided by c.
2
Suppose 7*o = -5*c + 3*o - 18, -9 = 4*c + 5*o. Let u = 16 + c. Let y = 8 + -4. What is the remainder when u is divided by y?
2
Let q(f) = -23*f - 8. Let d(b) = 115*b + 39. Let k(h) = -2*d(h) - 11*q(h). Calculate the remainder when k(4) is divided by 18.
12
Suppose -5*o = -55*o + 200. Suppose -3*d + 16 = 5*x, 4*d + 2 = -2*x - 0. What is the remainder when x is divided by o?
1
Suppose 0 = -0*i + 3*i + 12. Let u be (-130)/i + 2/4. Suppose 0 = 4*s + 4, 0 = -5*t + 5*s - u + 343. What is the remainder when t is divided by 16?
13
Let z = -38 + 64. Calculate the remainder when 4*(-309)/12*-1 is divided by z.
25
Let o(f) = -f**3 + 11*f**2 + 9*f + 12. What is the remainder when o(-4) is divided by 76?
64
Let m(j) = -9*j - 219. Let g(o) = 2*o + 44. Let c(x) = -24*g(x) - 5*m(x). Let y(z) = 3*z**2 - 7*z - 7. Calculate the remainder when y(-5) is divided by c(6).
19
Let w = -33 - -34. Suppose -a + 15 = 4*l - 4, 4*l = -5*a - w. Let v = 49 + -26. What is the remainder when v is divided by l?
5
Suppose -3*v - 577 + 598 = 0. Calculate the remainder when 31 is divided by v.
3
Let j(r) = r**3 - 7*r**2 + 8*r - 3. Let f(o) = o**2 - 38*o + 351. What is the remainder when j(6) is divided by f(15)?
3
Let i be ((-20)/10)/(2/(-5)). Suppose -h - 32 = -2*g + 3*h, 0 = i*g - 5*h - 70. What is the remainder when 47 is divided by g?
11
Let g = -57 + 105. Suppose -4*j + 2*n = -2*n - g, -5 = -5*n. What is the remainder when 47 is divided by j?
8
What is the remainder when 115 is divided by (-2 + 6)/4*29?
28
Let a(k) = k**2 - 7*k + 8. Let s be a(6). What is the remainder when 11 is divided by 0 - (-2 - (2 - s))?
1
Suppose 3*n + 10 = 4*g - 5*g, -4*n - 5 = 3*g. Suppose g*d - 75 = -0*d. What is the remainder when (41/4)/(1/4) is divided by d?
11
Let t be ((-12)/(-8))/1*54. Let l = 17 + t. Calculate the remainder when l is divided by 20.
18
Calculate the remainder when 1 + (-245)/5*-2 + -4 is divided by 14.
11
Suppose -r - 2*i = 3*i - 12, -2*r = 5*i - 19. Let b = 12 + -7. Suppose 2*m + 16 = p, 5*p - 92 = -m + b*m. Calculate the remainder when p is divided by r.
6
Suppose 2*r - 7*r = -5*n + 480, -2*r + 2 = 0. Suppose -319 = -l - 2*l + t, l = 5*t + n. What is the remainder when l is divided by 22?
19
Suppose 748 + 1763 = 31*z. What is the remainder when z is divided by 69?
12
What is the remainder when 1486 is divided by (-180)/(-3) - (-11 - -23)?
46
Let t(o) = o**3 - 8*o**2 + 2*o - 11. Let j be t(8). Suppose -j*y = -27 - 18. What is the remainder when y is divided by (-56)/(-10) - 18/(-45)?
3
Suppose 0 = 3*j - i - 0*i - 94, 2*j = -i + 56. Calculate the remainder when 448 is divided by j.
28
What is the remainder when 4131/(90/10) + (1 - 0) is divided by 28?
12
Suppose -8*l - 2*l = -9*l - 9. Let t(r) = r**3 + 7*r**2 + r + 6. What is the remainder when t(-5) is divided by l?
6
Let k = -27 - -13. Let s(v) = -v**3 - 14*v**2 + v + 14. Let m be s(k). Suppose m*z = -z + 24. Calculate the remainder when 94 is divided by z.
22
Let g(d) = 864*d**3 - 4*d**2 + 3*d. What is the remainder when g(1) is divided by 48?
47
Let p(i) = 42*i + 38. Calculate the remainder when p(1) is divided by 29.
22
Suppose -4*b + 1118 = -3*x, 0*b + 3*x - 550 = -2*b. What is the remainder when b is divided by 14?
12
Calculate the remainder when (-120)/(-30) - 233*-1 is divided by 7.
6
Suppose -4*n + 2*h + 22 = 0, -h - 32 = -29. Calculate the remainder when 237 is divided by n.
1
What is the remainder when 331 is divided by (24/5)/((32/(-10))/(-8))?
7
Let z(o) = -o**3 + 5*o**2 + 4*o. Let t be z(5). Suppose -8*c + 3*c = -t. Let u = 19 - c. Calculate the remainder when 28 is divided by u.
13
Let p = 1235 - 1219. What is the remainder when 88 is divided by p?
8
Let a = -1 - -4. Let g(o) = o**2 + 3*o - 4*o**2 + 7*o**2 - 2. Calculate the remainder when g(a) is divided by 22.
21
Suppose 891 = 65*f - 32*f. Calculate the remainder when f is divided by 5.
2
Suppose l - 2*l + 5*k + 31 = 0, -5*l + 267 = 3*k. Let d be ((-6)/6 - 1) + 34 + 3. What is the remainder when (-10)/d - l/(-7) is divided by 4?
3
Let p(f) = -f**3 + 13*f**2 - 18*f - 31. Suppose t = 25 + 23. Calculate the remainder when t is divided by p(11).
9
Let x = 267 - 267. Suppose 56 + 53 = 2*n + 3*l, x = 3*n - 2*l - 157. What is the remainder when n is divided by 0 + -1 - (-15 - 0)?
11
Let o(q) = 6*q - 18. Let a be o(4). Let k(b) = 5*b - 7. What is the remainder when 67 is divided by k(a)?
21
Suppose -3*o = o - 8. Suppose 2*k + 14 = 2*a, 2*a - 1 = -k + 10. Calculate the remainder when a is divided by o.
0
Suppose -42 = -5*m - 2*w, 4*w + 13 = 2*m + w. Let v = -3 + m. What is the remainder when 12 is divided by v?
2
Let d be (-4)/8 + 220/8. Calculate the remainder when 5*2/(30/d) is divided by 7.
2
Suppose 4*z = -4*d - 8, -4*d = z - 4*z + 1. Let c(b) be the second derivative of -5*b**3/2 + b**2/2 + b. What is the remainder when c(z) is divided by 9?
7
Let o(r) = 4*r**2. Let g be o(-4). Let x = -41 + 70. Calculate the remainder when x is divided by (-1)/(0/(-2) + (-8)/g).
5
Let o be 5/(25/5) - -41. Calculate the remainder when (0 + 1)/(6*1/o) is divided by 4.
3
Suppose 60 = 62*d - 58*d. What is the remainder when 351 is divided by d?
6
Suppose 3*k - 5*s - 2 = 3, 0 = 5*k + s - 27. Suppose 9 = -2*w - w. Let u = w + 12. What is the remainder when u is divided by k?
4
Suppose 7 = -0*h + h. Let y = 100 - h. What is the remainder when y is divided by 32?
29
Let d be (-13)/(91/(-14)) + 0 + 0. Suppose 4*n - 2*y - 30 = 0, -y + 13 = d*n - 0*y. Calculate the remainder when 26 is divided by n.
5
Let q = 376 - 209. Suppose -q = -3*k + 1. Suppose -2*l + k = 2*g, -2*l + 51 = -g + 2*g. Calculate the remainder when l is divided by 12.
11
Suppose 8*x - 304 = -0*x. Suppose -4*a + f - 1334 = 0, 4*f = 8*f - 8. Let w = -220 - a. Calculate the remainder when w is divided by x.
37
Suppose 11*b - 1802 = -23*b. Calculate the remainder when 202 is divided by b.
43
Suppose 0*m = 2*m - 10. Let r = 25 - 17. Suppose 0 = 4*z - r*z + 52. What is the remainder when z is divided by m?
3
Suppose -399 = -4*b - 71. Suppose y + 3*v = -30, -3*y - 5*v = -y + 56. Calculate the remainder when b is divided by (2*1)/(y/(-189)).
19
Suppose 4*w + 5 + 124 = 5*s, -2*s + 42 = -4*w. Let k = 51 - s. Let a(q) = 4*q**2 + 2*q - 5. Calculate the remainder when a(-5) is divided by k.
19
Suppose -u - 6 = -3*u. Suppose -u*p + 61 = -4*s + 16, p - 34 = -5*s. Calculate the remainder when 73 is divid